Determine r(-13).
0
Let l(h) = h + 7. Determine l(-9).
-2
Let p(v) = 7*v - 6. Give p(3).
15
Let z(b) = 54*b - 1141. Give z(21).
-7
Let v(u) = u**2 - 7*u - 6. What is v(0)?
-6
Let r(m) = m**2 + 17*m + 26. Determine r(-13).
-26
Let q(m) = -m**2 + 3*m + 9. What is q(5)?
-1
Let n(f) = 27*f + 9. Give n(7).
198
Let r(w) = -5*w**3 - w**2 - 7*w + 7. Calculate r(1).
-6
Let u(g) = 4*g + 39. Determine u(-13).
-13
Let c(o) = -o**2 - 36*o + 352. Determine c(8).
0
Let u(l) = 3*l - 82. What is u(25)?
-7
Let i(p) = -p**2 - 2*p - 6. Give i(7).
-69
Let l(h) = -16*h**2 - 2*h + 1. Determine l(1).
-17
Let r(m) = m**2 - 5*m + 5. What is r(7)?
19
Let q(h) = -h + 7. Calculate q(13).
-6
Let i(h) = -h**3 + 3*h**2 + 6*h - 6. Calculate i(4).
2
Let h(q) = q**2 - 11*q + 5. Calculate h(17).
107
Let d(c) = 25*c + 36. What is d(-2)?
-14
Let p(c) = 3*c**2 - 53*c + 57. Determine p(17).
23
Let p(o) = 13*o + 101. Determine p(-8).
-3
Let r(c) = -2*c - 28. Calculate r(-12).
-4
Let s(b) = 3*b**2 - 24*b + 14. Determine s(7).
-7
Let f(v) = -v**2 + 4*v + 6. Calculate f(4).
6
Let s(u) = u**3 - 7*u**2 - 3*u - 8. Calculate s(8).
32
Let a(k) = -k**3 + 11*k**2 - 18*k + 23. Give a(10).
-57
Let s(m) = m**3 - 19*m**2 + 36*m + 10. Determine s(17).
44
Let s(u) = 5*u**2 - 21*u + 11. What is s(4)?
7
Let g(b) = -12*b**2 - 2*b + 1. Give g(-3).
-101
Let n(v) = 14*v**2 - 4*v + 5. Determine n(2).
53
Let l(o) = -41*o - 121. Give l(-3).
2
Let g(v) = 3*v**2 - 17*v - 7. Give g(4).
-27
Let d(y) = y**2 + 23*y + 48. Give d(-3).
-12
Let w(q) = 13*q**2 - 2*q + 1. What is w(1)?
12
Let j(a) = a**3 + 7*a**2 - 12*a + 2. Give j(-9).
-52
Let b(x) = x**3 + 4*x**2 - 3*x - 6. Give b(-4).
6
Let s(n) = 3*n + 28. What is s(-12)?
-8
Let d(j) = -5*j + 57. Determine d(8).
17
Let v(n) = -4*n - 4. What is v(-11)?
40
Let w(m) = -m + 9. Determine w(6).
3
Let u(y) = 4*y - 66. Determine u(14).
-10
Let z(b) = b**3 - 31*b**2 + 66*b - 231. Determine z(29).
1
Let s(c) = 3*c + 1. Determine s(-10).
-29
Let x(w) = -w - 1. Determine x(5).
-6
Let d(q) = 4*q - 70. Give d(10).
-30
Let s(w) = 15*w - 3. Determine s(2).
27
Let x(d) = -5*d**2 - d + 1. Determine x(-2).
-17
Let a(l) = -l**3 + 4*l**2 + l - 2. Determine a(5).
-22
Let o(i) = 2*i**2 - 19*i - 5. Give o(10).
5
Let s(f) = -31*f + 16. Calculate s(-3).
109
Let r(y) = -y**2 - 15*y - 11. Give r(-12).
25
Let q(n) = n + 3. What is q(-9)?
-6
Let w(f) = f**2 - 25*f - 25. What is w(26)?
1
Let r(u) = 15*u + 173. What is r(-12)?
-7
Let q(t) = 5*t**3 - 5*t**2 - 6*t - 2. Determine q(-1).
-6
Let k(o) = -5*o**3 - 51*o**2 - 7*o + 30. Calculate k(-10).
0
Let f(w) = 5*w + 61. Determine f(-2).
51
Let m(l) = -l**3 - 8*l**2 + 9*l + 13. Give m(-9).
13
Let n(c) = -c**2 + 8*c + 4. Determine n(6).
16
Let w(u) = 4*u - 5. What is w(-4)?
-21
Let t(b) = -b**3 - 3*b**2 - 5*b - 2. Determine t(-4).
34
Let j(m) = 8*m + 2. Calculate j(-5).
-38
Let u(l) = -l**2 + l. What is u(-5)?
-30
Let h(o) = 2*o**2 + 32*o - 69. Calculate h(-18).
3
Let f(p) = 19*p**3 - p**2 - p. Give f(-1).
-19
Let j(x) = -x + 3. Give j(8).
-5
Let a(q) = q**3 - 2*q**2 + 7*q - 12. What is a(3)?
18
Let p(d) = 12*d**3 + d**2. Calculate p(1).
13
Let s(z) = 5*z**3 + 5*z**2 - 8*z + 3. Determine s(3).
159
Let v(c) = -c**3 + 25*c**2 - 46*c + 2. Determine v(23).
2
Let j(q) = -11*q**3 + 4*q - 3. What is j(1)?
-10
Let q(p) = -p**2 + 7*p - 9. What is q(4)?
3
Let d(o) = 3*o - 3. Calculate d(17).
48
Let d(c) = 3*c - 34. What is d(15)?
11
Let k(v) = -v**2 - 15*v - 17. Calculate k(-14).
-3
Let j(d) = d + 51. Determine j(-31).
20
Let i(y) = y**3 - 7*y**2 + y - 3. Determine i(7).
4
Let h(c) = -c**3 - 12*c**2 - 17*c - 396. Determine h(-13).
-6
Let o(c) = -c**2 - 3*c + 5. Calculate o(0).
5
Let l(h) = -h**3 - h**2 - 2*h - 2. Give l(-2).
6
Let j(o) = -19*o. Give j(-2).
38
Let x(j) = 3*j**3 - 2*j**2 + 3*j - 9. Determine x(2).
13
Let m(s) = 7*s**3 + s**2 - 3*s + 2. Calculate m(1).
7
Let q(s) = 3*s**3 + s**2 + s + 1. Calculate q(2).
31
Let l(t) = t**3 + 8*t**2 + 10. Calculate l(-8).
10
Let u(a) = 6*a - 307. Give u(52).
5
Let y(q) = q**2 + 5*q + 7. Give y(-5).
7
Let m(q) = q**2 + 23*q + 62. Give m(-20).
2
Let x(m) = 2*m + 13. Give x(-7).
-1
Let f(p) = 2*p + 1. Calculate f(-2).
-3
Let c(k) = -2*k**3 + 2*k**2 + 2*k - 1. Give c(-3).
65
Let a(b) = 23*b + 33. Calculate a(-5).
-82
Let m(s) = s**2 - 13*s + 10. Calculate m(9).
-26
Let n(r) = r**2 - 4*r + 1. Calculate n(4).
1
Let v(x) = -15*x - 117. Give v(-8).
3
Let j(i) = -i**3 - 8*i**2 - 7*i. Calculate j(-7).
0
Let x(f) = -6*f + 2. Give x(3).
-16
Let k(s) = s**2 + 11*s - 13. Calculate k(-11).
-13
Let h(x) = x**2 + 26*x + 136. Give h(-7).
3
Let j(v) = 11*v**2 - 2*v + 2. Calculate j(-3).
107
Let b(n) = 2*n + 30. What is b(-6)?
18
Let h(g) = 12*g - 96. What is h(7)?
-12
Let v(q) = -8*q + 27. Give v(6).
-21
Let q(u) = 4*u**2 - 8*u + 6. What is q(2)?
6
Let y(o) = -o**3 - 5*o**2 + 9*o + 1. Give y(-6).
-17
Let s(u) = -u + 3. Give s(-4).
7
Let m(h) = 9*h - 2. Give m(1).
7
Let p(y) = 7*y**3 - y**2 - 3*y - 2. What is p(-1)?
-7
Let z(w) = -4*w - 8. Calculate z(8).
-40
Let h(z) = 6*z - 28. Calculate h(6).
8
Let o(q) = 22*q + 14. Calculate o(-1).
-8
Let n(p) = 2*p - 9. Determine n(4).
-1
Let f(l) = -5*l + 4. Calculate f(3).
-11
Let g(x) = -2*x - 18. Calculate g(-12).
6
Let b(k) = -3*k + 8. Calculate b(7).
-13
Let r(k) = 6*k**2 + 15*k + 2. Give r(-3).
11
Let g(v) = -16*v - 147. What is g(-9)?
-3
Let h(g) = 3*g**3 - 6*g**2 - g - 9. Give h(3).
15
Let z(k) = k - 6. Determine z(8).
2
Let n(i) = 2*i + 5. Calculate n(-4).
-3
Let t(l) = l**2 - 20*l - 68. What is t(22)?
-24
Let z(l) = 2*l**3 - l**2 - 2. Give z(2).
10
Let t(v) = -v**3 + 10*v**2 + 13*v - 5. Determine t(11).
17
Let c(m) = -m**3 - 47*m**2 + 3*m + 147. Determine c(-47).
6
Let f(h) = h**3 + 7*h**2. What is f(-7)?
0
Let u(c) = -c**3 - 5*c**2 + 7*c - 3. Give u(-6).
-9
Let j(n) = 4*n + 51. Determine j(30).
171
Let i(d) = -4*d - 1. Give i(-5).
19
Let b(x) = -x**2 - 10*x + 55. Give b(-14).
-1
Let u(w) = -2*w**2 + 1. Determine u(-4).
-31
Let a(p) = 2*p**3 + 10*p**2 + 3*p + 13. Determine a(-4).
33
Let s(o) = -o**2 + o - 10. Determine s(0).
-10
Let q(y) = -13*y**2 - 3*y - 1. Calculate q(-1).
-11
Let k(z) = -76*z**2 + z - 1. Give k(1).
-76
Let g(w) = -w**2 - 3*w + 65. What is g(7)?
-5
Let v(y) = -y**3 - 7*y**2 + 2*y - 50. Calculate v(-8).
-2
Let x(c) = 3*c**2 + 181*c + 64. What is x(-60)?
4
Let w(n) = 3*n + 5. Determine w(9).
32
Let h(l) = -l**3 - 19*l**2 + 150*l - 2. Give h(6).
-2
Let c(z) = -4*z**2 - 48*z - 12. Give c(-11).
32
Let x(z) = -z**3 - z**2 + z + 5. Determine x(-3).
20
Let k(m) = 8*m - 5. What is k(-7)?
-61
Let d(o) = -o**2 + o + 7. Determine d(7).
-35
Let y(m) = -m**3 - 2*m**2 + 4*m. Calculate y(-3).
-3
Let g(t) = -2*t + 7. What is g(3)?
1
Let h(a) = -3*a**2 - 7*a - 10. Give h(-4).
-30
Let i(k) = -k + 4. Determine i(-2).
6
Let v(t) = 7*t**2 - 2*t - 2. What is v(4)?
102
Let r(h) = 3*h + 10. Give r(-6).
-8
Let c(k) = -k**3 - 4*k**2 + 7*k + 27. Give c(-4).
-1
Let w(n) = n**2 + 15*n - 10. What is w(-15)?
-10
Let h(c) = -20*c + 2. Give h(3).
-58
Let k(m) = 2*m**2 + 1. Give k(2).
9
Let m(w) = -17*w - 142. What is m(-8)?
-6
Let i(h) = -52*h - 49. Calculate i(-1).
3
Let a(p) = 4*p**2 - 78*p + 35. Determine a(19).
-3
Let b(x) = 2*x**2 - 8*x + 7. What is b(6)?
31
Let r(s) = 5*s + 2. Give r(0).
2
Let t(v) = -10*v**2 - v + 9. Give t(-3).
-78
Let o(k) = -3*k**3 - 10*k**2 + 2*k - 10. Determine o(-5).
105
Let i(u) = u**2 - 4*u + 5. Calculate i(-4).
37
Let l(v) = v**3 - 3*v**2 - 15*v - 1. Give l(5).
-26
Let l(i) = -3*i**2 - 8*i + 14. What is l(4)?
-66
Let b(i) = 2*i**3 - 4*i**2 - 5*i - 5. Calculate b(-2).
-27
Let r(s) = s**3 + s**2 - s. What is r(2)?
10
Let d(z) = -z**3 - 17*z**2 - 64*z + 10. What is d(-11)?
-12
Let r(k) = -2*k**2 + 23*k + 10. Determine r(11).
21
Let r(n) = -n**3 + 6*n**2 + n. Determine r(5).
30
Let u(b) = 3*b**2 + 14*b + 5. What is u(-3)?
-10
Let r(a) = a**2 + 20*a + 29. What is r(-18)?
-7
Let n(u) = -u**2 + 6*u + 19. Calculate n(-3).
-8
Let m(k) = k**3 + 10*k**2 - 11*k - 14. What is m(-11)?
-14
Let h(x) = 2*x + 2. Give h(3).
8
Let h(d) = -d**3 - 8*d**2 - 7. What is h(-8)?
-7
Let x(q) = 13*q + 79. Determine x(-6).
1
Let w(d) = -8*d**3 - d**2 - 2*d - 1. What is w(-1)?
8
Let q(z) = z - 6. Calculate q(9).
3
Let d(z) = -2*z**2 - 127*z + 208. What is d(-65)?
13
Let i(w) = -w**3 - 4*w**2 + 